ose -2*u - 16 = -0*u - 4*q, 4*u = -3*q + 12. Suppose -h + 32 - 104 = u. Is (1 + 0 - h) + 1 composite?
True
Suppose -3*y = -1065 + 156. Is y a prime number?
False
Let y be 1/(-2)*(4 + -4). Suppose -m = -3*z - 149, 0 = 2*m - 5*z - 312 + 19. Suppose -q + y*q + m = 0. Is q a prime number?
False
Suppose 3*q = 11 + 1. Suppose y - q = 12. Suppose 0*k = 4*k + y, 4*f + k - 1024 = 0. Is f prime?
True
Let l(a) = 54*a**2 - 2*a + 1. Let g be 4/6*3 + 0. Let r = 3 - g. Is l(r) a composite number?
False
Suppose -i + 2*a - 27 = -3*a, 5*i - 5*a + 35 = 0. Is -2*(1 - (-499)/i) a composite number?
True
Suppose -35*n = -30*n - 2395. Is n a prime number?
True
Suppose 0 = -3*z + 576 - 51. Suppose 2*p = 7*p - z. Is p a composite number?
True
Suppose -4*h + 3*h + 51 = 2*f, -h + 54 = 3*f. Suppose 47 = 2*o - h. Is o a prime number?
False
Suppose -d - 64 + 275 = 0. Is d prime?
True
Let w = 1012 - 59. Is w a composite number?
False
Suppose -2*h = -210 + 1146. Let t = h + -9. Is (-2)/4 - t/6 composite?
False
Let n = -163 + 254. Let y = n - 3. Suppose -14 = 2*i - y. Is i a composite number?
False
Let d(s) = s + 10. Let k = -22 - -16. Let m be d(k). Let o = m + 3. Is o prime?
True
Suppose 286 = -4*g + 998. Suppose m + g = 3*m. Is m a prime number?
True
Let q be 2 + -4 + 0 + 2. Suppose q*l = -4*l + 188. Is l a prime number?
True
Suppose -5*a + 4 = -3*a. Let j be (-1)/(-6)*2*6. Suppose j*q + 296 = a*x, -730 = -5*x + 2*q + 13. Is x a composite number?
False
Suppose 0 = -5*v + 63 - 8. Suppose 44 = b + v. Is b a composite number?
True
Let o be 41*(6/3 - 1). Suppose 0 = f + 3*j - 0 + 19, -4*f = 5*j + o. Is (-9)/(-6) - 18/f composite?
True
Suppose 0 = 3*k - 39 + 12. Let d = 5 + k. Is d prime?
False
Let q(x) = x**2 - 2*x + 14. Is q(-11) composite?
False
Suppose 2*k + 6 = 5*k. Suppose 173 = 3*u - k*b, 4*u - 8*u - 3*b + 242 = 0. Suppose -3*l + u = -2*l. Is l prime?
True
Suppose n = 4*d - 438, 5*d - 5*n - 292 - 263 = 0. Is d a prime number?
True
Suppose -5*c = 3*r - 551, -5*c = -r + 52 + 145. Is r prime?
False
Let b = -1734 - -3427. Is b prime?
True
Let u be 2/10 + 4963/35. Suppose u = 2*w - w. Is w composite?
True
Suppose -3*n = 70 + 263. Let o(z) = -20*z. Let w be o(-10). Let v = n + w. Is v a prime number?
True
Suppose -3*v - 5*c = -v - 430, v = c + 201. Is v a composite number?
True
Suppose 2*j - 10 = 0, 4*x = 2*j + 145 - 431. Let r = 571 + x. Suppose 0 = 5*t - 1247 + r. Is t a prime number?
True
Let a(c) = -c**3 - 8*c**2 - 3. Let y be a(-8). Let t be (-6)/(-9) - (-2)/y. Is t - (-18 + -1) - -3 a prime number?
False
Let o(p) = 3*p - 7. Let l be o(5). Let k = -5 - 0. Let u = k + l. Is u a composite number?
False
Let f be 2 - 7*4/(-2). Suppose -5*t = -t - f. Suppose 0*k + t*v = -3*k + 54, 2*v = 6. Is k composite?
True
Let k be (2/(-4))/((-14)/2072). Let c(m) = -m + 9. Let g be c(6). Suppose g*s + k = 4*s. Is s a composite number?
True
Let g(i) = -i**3 - 4*i**2 - 3*i. Let k be g(-3). Suppose -w + x = 2, w + k*x - 4 = -2*x. Suppose -f + 0*f + 55 = w. Is f prime?
False
Let g be 1*(1 + 0/3). Let d be 1/(2 - g) - 2. Let k = 22 - d. Is k prime?
True
Suppose -5*c + 5*s = -1745, 311 = 2*c + 2*s - 379. Is c prime?
True
Suppose -3*v + 2*f - 10 = 13, -5*v = 2*f + 17. Let r = v - -16. Is r composite?
False
Let u(k) = 2 + 3*k - k**3 - 5*k**2 + 1 + 4*k. Let l be u(-6). Let g = l - -5. Is g composite?
False
Let m = 4 + -2. Suppose 0*x + 4*x - 5*c - 120 = 0, 3*x = -m*c + 67. Is x a prime number?
False
Let q = 1616 + -873. Is q prime?
True
Let f(c) = 4*c. Let r be f(1). Suppose -r*d - 7 = 21. Let b = d + 20. Is b a composite number?
False
Let g(a) = 4*a**2 - a - 1. Let l(c) = c - 4. Let y be l(3). Let h be g(y). Suppose 2*i - 21 = d, 4*i - h*d - 32 = 12. Is i prime?
False
Let h(d) = -d**2 + 8*d - 1. Let l be (-3)/18 - 74/(-12). Is h(l) a prime number?
True
Suppose 0 = -x + 2, -x = 2*m - 3*x - 64. Is m a composite number?
True
Let d(o) = 43*o - 3. Let i be d(13). Suppose -3*j + i = j. Is j a composite number?
False
Suppose 3*j = 35 - 8. Let g be (-30)/j*18/(-15). Suppose -3*x = -g*x + 10. Is x prime?
False
Is ((-254 + 0)/2)/(-1) a composite number?
False
Suppose -25 = -3*t - 2*t. Suppose 5*d - 133 = 4*j, 2*j - 5*j - t*d = 56. Let w = 20 - j. Is w a prime number?
True
Let o be (20/8)/(2/4). Suppose 235 = o*m - 0*m. Is m composite?
False
Let n(h) = -h**3 - 9*h**2 - 10*h - 11. Let b be n(-8). Suppose -b*c - 135 - 95 = 0. Is c/(-3)*(-12)/(-8) composite?
False
Let f(p) = p**2 - 2*p - 4. Let t be f(4). Suppose 4*i - 70 = -3*s, 6 = -t*s + 2*i + 92. Let x = s + -11. Is x prime?
True
Let g = -2419 - -3793. Let m = g + -955. Is m prime?
True
Let z be (-18)/2*(-4)/(-6). Is (1/3)/(z/(-558)) prime?
True
Let t(p) = 1 + p - 56*p**3 - 6*p**2 + 2*p**2 + 3*p**2. Is t(-1) prime?
False
Suppose -5 - 3 = 4*i. Is 66 + (i + 1 - -2) a composite number?
False
Let d = 618 + -407. Is d prime?
True
Suppose 299 = 3*l + 2*p - 454, -3*p = l - 244. Let z = 440 - l. Is z a composite number?
True
Is (-159 + 1)/(-1 + 4/12) a composite number?
True
Let k(c) = 14*c**2 + 2*c - 4. Let i be k(-4). Suppose 6*v - 4*v = i. Suppose q - v - 7 = 0. Is q composite?
False
Let k be (3 + -2)*(3 - 1). Is 1 + 702/(1 + k) a prime number?
False
Let t(g) = -g**3 + 3*g**2 - 8. Let m be t(6). Let f = -63 - m. Is f a composite number?
False
Let k(v) = 3*v - 5. Suppose m + 15 = 4*m. Is k(m) a composite number?
True
Let l(a) = 1948*a**2 + a. Is l(1) a prime number?
True
Let b = -13 + 15. Suppose -5*o - 4*f + 121 = 38, 0 = b*f - 4. Is o a composite number?
True
Let c(a) = 7*a**2 + 9*a - 11. Let h be -15 + 6/15*5. Is c(h) a prime number?
False
Suppose 0 = -2*t - 2*t. Suppose -4*c - 5*v + 32 = t, -4*c - 4*v - 15 + 43 = 0. Suppose 0 = 5*d + o - 81 - 10, -5*d + 83 = c*o. Is d composite?
False
Let u be 5*(18 - 1) + -3. Let k = u - -5. Is k a prime number?
False
Suppose i - 1 = -5*k, -5*i - 2 = -3*k + 21. Is (36/(-8) + k)*-58 a composite number?
True
Let s = 3221 + -2082. Is s a prime number?
False
Suppose -3 = -w - 2. Suppose -4*o - 3 = -4*l + w, 4 = 4*o. Suppose -l*c = 2*c - 364. Is c composite?
True
Suppose -2*u - 25 = -3*u. Suppose -4*b + 2*d + 14 = -2, 3*b + 5*d - u = 0. Suppose 4*l - 57 - 141 = -5*r, 37 = l - b*r. Is l prime?
True
Let p = -28 - -125. Is p prime?
True
Suppose 4*r + 2*f = 354, 6*r - r - 5*f - 450 = 0. Is r a prime number?
True
Let r be (-1 - 59)/(5/(-25)). Suppose 0 = -3*b + k - 0*k + 577, -4*k = b - 214. Let a = r - b. Is a a prime number?
False
Suppose 3*o - 525 = -1455. Is 1/((-2)/o) - 0 prime?
False
Let d be -1 - (-2)/(6/(-111)). Is 1/(-2) + d/(-4) prime?
False
Is 1338*((-4)/(-1))/8 a prime number?
False
Let o(m) = -18*m - 7. Suppose 8*y - 3*y = 4*f + 41, -1 = -y. Let i = 4 + f. Is o(i) a composite number?
False
Suppose u + 4*u - 2585 = 0. Is u a prime number?
False
Let n = 41 - 4. Is n composite?
False
Let w(o) = 3*o**2 + o - 1. Is w(-3) composite?
False
Suppose 0 = 2*y - 4*c - 1022, -4*y - 3*c = -1201 - 832. Let n = y + -112. Suppose n = 3*b + 4*a, 0 = -3*b - a + 477 - 92. Is b composite?
False
Suppose -395 - 68 = -y + 5*h, 0 = 3*y - 3*h - 1425. Is y composite?
True
Let f be 2/(-6) - (-19)/3. Let z be 76/6 + (-4)/f. Suppose -z + 62 = 5*t. Is t a prime number?
False
Let s(k) = 44*k - 2. Let r(i) = -i. Let j(f) = -5*r(f) + s(f). Let a be j(3). Let v = 204 - a. Is v composite?
False
Is 8/(-28) + 1875/21 a prime number?
True
Suppose -5*q + 2*z = -20, -28 = -0*q - 4*q + 4*z. Is (-3117)/(-6) - (-3)/q composite?
False
Suppose -5*k + 6813 = 2*b, -1345 = -k + 4*b - 0*b. Is k composite?
False
Let r(k) = -k**2 - 2*k. Let i be r(-2). Let l(u) = i - 5 - 2*u + 0. Is l(-8) composite?
False
Let c = -5362 + 9563. Is c a composite number?
False
Suppose -15*k + 12*k = -3261. Is k prime?
True
Let v(g) = 49*g + 18. Let o(p) = -p - 1. Let a(h) = -3*o(h) - v(h). Is a(-13) a prime number?
False
Let y be (0/4)/(2 - 4). Suppose y = 3*p + p - 452. Is p composite?
False
Let d(c) = -105*c. Let u(x) = -2 + 8*x + 2. Let y(n) = -3*d(n) - 40*u(n). Is y(-7) composite?
True
Is 1/((-6)/(-12954)) + (1 - 3) prime?
False
Suppose -m + 4*z - 46 = -6*m, 2*m - 5*z = -8. Is (m - 4) + (-57)/(-1) composite?
False
Is ((-12)/(-3))/4*23 composite?
False
Suppose -2*p - 5 = -11, -4*l + 2*p + 270 = 0. Is l a prime number?
False
Let c be (2/(-2) - 0) + 5. Suppose 2*h + 5*p = 3*p + 116, 5*p 